{"id":766,"date":"2022-05-02T18:55:43","date_gmt":"2022-05-02T16:55:43","guid":{"rendered":"https:\/\/cruillesdevida.entrepobles.org\/odesc\/"},"modified":"2023-03-20T18:19:39","modified_gmt":"2023-03-20T17:19:39","slug":"odesc","status":"publish","type":"page","link":"https:\/\/cruillesdevida.entrepobles.org\/es\/odesc\/","title":{"rendered":"ODESC"},"content":{"rendered":"\n<div class=\"wp-block-group alignfull is-layout-flow wp-block-group-is-layout-flow\">\n<div style=\"height:3rem\" aria-hidden=\"true\" class=\"wp-block-spacer\"><\/div>\n\n\n\n<h1 class=\"font-family-calligraphic wrap has-gigantic-font-size wp-block-heading\">ODESC<\/h1>\n\n\n\n<div style=\"height:3rem\" aria-hidden=\"true\" class=\"wp-block-spacer\"><\/div>\n<\/div>\n\n\n\n<p><strong>Observatorio DESC <\/strong>\u00e9s un <strong>centro para la defensa de los Derechos Humanos<\/strong> que concentra sus esfuerzos en desmontar la percepci\u00f3n devaluada de los Derechos Econ\u00f3micos, Sociales, Culturales y Ambientales (DESCA) &#8211; derecho a la vivienda, al trabajo, a la educaci\u00f3n, a la salud, la alimentaci\u00f3n, y al medio ambiente sano &#8211; en relaci\u00f3n a otros derechos como los Derechos Civiles y Pol\u00edticos y los derechos patrimoniales. <\/p>\n\n\n\n<p>Para ello, <strong>el Observatorio combina la incidencia pol\u00edtica con la investigaci\u00f3n<\/strong>, <strong>el asesoramiento<\/strong>, <strong>la organizaci\u00f3n de formaciones<\/strong> y <strong>jornadas<\/strong> y el<strong>litigio estrat\u00e9gico.<\/strong> <\/p>\n\n\n\n<p>As\u00ed, se promueven investigaciones y publicaciones, se organizan seminarios y cursos y se acompa\u00f1an reivindicaciones y luchas populares. Todo ello, sin perder de vista la importancia del trabajo en redes locales y globales y la participaci\u00f3n en campa\u00f1as sociales.<\/p>\n\n\n\n<p><a class=\"main-button\" href=\"https:\/\/observatoridesc.org\/ca\" data-type=\"URL\" data-id=\"https:\/\/observatoridesc.org\/ca\">M\u00e1s sobre ODESC<\/a><\/p>\n\n\n\n<div style=\"height:3rem\" aria-hidden=\"true\" class=\"wp-block-spacer\"><\/div>\n","protected":false},"excerpt":{"rendered":"<p>ODESC Observatorio DESC \u00e9s un centro para la defensa de los Derechos Humanos que concentra sus esfuerzos en desmontar la percepci\u00f3n devaluada de los Derechos Econ\u00f3micos, Sociales, Culturales y Ambientales (DESCA) &#8211; derecho a la vivienda, al trabajo, a la educaci\u00f3n, a la salud, la alimentaci\u00f3n, y al medio ambiente sano &#8211; en relaci\u00f3n a [&hellip;]<\/p>\n","protected":false},"author":3,"featured_media":0,"parent":0,"menu_order":21,"comment_status":"closed","ping_status":"closed","template":"","meta":{"_genesis_hide_title":true,"_genesis_hide_breadcrumbs":false,"_genesis_hide_singular_image":false,"_genesis_hide_footer_widgets":false,"_genesis_custom_body_class":"","_genesis_custom_post_class":"","_genesis_layout":"","footnotes":""},"class_list":{"0":"post-766","1":"page","2":"type-page","3":"status-publish","5":"entry"},"acf":[],"_links":{"self":[{"href":"https:\/\/cruillesdevida.entrepobles.org\/es\/wp-json\/wp\/v2\/pages\/766","targetHints":{"allow":["GET"]}}],"collection":[{"href":"https:\/\/cruillesdevida.entrepobles.org\/es\/wp-json\/wp\/v2\/pages"}],"about":[{"href":"https:\/\/cruillesdevida.entrepobles.org\/es\/wp-json\/wp\/v2\/types\/page"}],"author":[{"embeddable":true,"href":"https:\/\/cruillesdevida.entrepobles.org\/es\/wp-json\/wp\/v2\/users\/3"}],"replies":[{"embeddable":true,"href":"https:\/\/cruillesdevida.entrepobles.org\/es\/wp-json\/wp\/v2\/comments?post=766"}],"version-history":[{"count":4,"href":"https:\/\/cruillesdevida.entrepobles.org\/es\/wp-json\/wp\/v2\/pages\/766\/revisions"}],"predecessor-version":[{"id":892,"href":"https:\/\/cruillesdevida.entrepobles.org\/es\/wp-json\/wp\/v2\/pages\/766\/revisions\/892"}],"wp:attachment":[{"href":"https:\/\/cruillesdevida.entrepobles.org\/es\/wp-json\/wp\/v2\/media?parent=766"}],"curies":[{"name":"wp","href":"https:\/\/api.w.org\/{rel}","templated":true}]}}

<div class="wp-block-group alignfull is-layout-flow wp-block-group-is-layout-flow">
<div style="height:3rem" aria-hidden="true" class="wp-block-spacer"></div>



<h1 class="font-family-calligraphic wrap has-gigantic-font-size wp-block-heading">ODESC</h1>



<div style="height:3rem" aria-hidden="true" class="wp-block-spacer"></div>
</div>



<p><strong>Observatorio DESC </strong>és un <strong>centro para la defensa de los Derechos Humanos</strong> que concentra sus esfuerzos en desmontar la percepción devaluada de los Derechos Económicos, Sociales, Culturales y Ambientales (DESCA) &#8211; derecho a la vivienda, al trabajo, a la educación, a la salud, la alimentación, y al medio ambiente sano &#8211; en relación a otros derechos como los Derechos Civiles y Políticos y los derechos patrimoniales. </p>



<p>Para ello, <strong>el Observatorio combina la incidencia política con la investigación</strong>, <strong>el asesoramiento</strong>, <strong>la organización de formaciones</strong> y <strong>jornadas</strong> y el<strong>litigio estratégico.</strong> </p>



<p>Así, se promueven investigaciones y publicaciones, se organizan seminarios y cursos y se acompañan reivindicaciones y luchas populares. Todo ello, sin perder de vista la importancia del trabajo en redes locales y globales y la participación en campañas sociales.</p>



<p><a class="main-button" href="https://observatoridesc.org/ca" data-type="URL" data-id="https://observatoridesc.org/ca">Más sobre ODESC</a></p>



<div style="height:3rem" aria-hidden="true" class="wp-block-spacer"></div>

<p>ODESC Observatorio DESC és un centro para la defensa de los Derechos Humanos que concentra sus esfuerzos en desmontar la percepción devaluada de los Derechos Económicos, Sociales, Culturales y Ambientales (DESCA) &#8211; derecho a la vivienda, al trabajo, a la educación, a la salud, la alimentación, y al medio ambiente sano &#8211; en relación a [&hellip;]</p>
