{"id":772,"date":"2022-05-02T18:57:21","date_gmt":"2022-05-02T16:57:21","guid":{"rendered":"https:\/\/cruillesdevida.entrepobles.org\/inicio\/"},"modified":"2023-03-20T18:14:55","modified_gmt":"2023-03-20T17:14:55","slug":"inicio","status":"publish","type":"page","link":"https:\/\/cruillesdevida.entrepobles.org\/es\/","title":{"rendered":"Inicio"},"content":{"rendered":"\n<div class=\"wp-block-group alignfull mg-custom-single-header has-gray-darker-background-color has-background is-layout-flow wp-block-group-is-layout-flow\">\n<div class=\"wp-block-group wrap is-layout-flow wp-block-group-is-layout-flow\">\n<h1 class=\"has-text-align-left has-sixth-color has-text-color has-gigantic-font-size wp-block-heading\">Globalizando alternativas ecofeministas ante las<br><span class=\"has-primary-color font-family-calligraphic font-weight-bold\">crisis<\/span> <span class=\"font-family-calligraphic\">superpuestas<\/span> <span class=\"font-family-calligraphic font-weight-normal\">para la defensa de los Derechos Humanos<\/span><\/h1>\n<\/div>\n<\/div>\n\n\n\n<div class=\"wp-block-group alignfull has-gray-darker-background-color has-background is-layout-flow wp-block-group-is-layout-flow\">\n<div style=\"height:6rem\" aria-hidden=\"true\" class=\"wp-block-spacer\"><\/div>\n\n\n\n<div class=\"wp-block-group narrow is-layout-flow wp-block-group-is-layout-flow\">\n<p class=\"has-sixth-color has-text-color\">Desde Entrepueblos y el Observatorio Desc queremos visibilizar las consecuencias de las crisis superpuestas y la emergencia clim\u00e1tica:<\/p>\n\n\n\n<ul class=\"has-sixth-color has-text-color wp-block-list\">\n<li>Una producci\u00f3n y abastecimiento alimentario que contin\u00faa fundamentado en monocultivos de exportaci\u00f3n a miles de kil\u00f3metros.<\/li>\n\n\n\n<li>Un boom de las econom\u00edas de plataforma transnacionales (relacionadas con vulneraciones m\u00faltiples de derechos) para el consumo, transporte y distribuci\u00f3n de mercanc\u00edas a domicilio en un mercado global. Este mercado se amplifica mientras al mismo tiempo hace invisible el trabajo y las cadenas de suministro a sur y norte<\/li>\n\n\n\n<li>La crisis de cuidados y la transformaci\u00f3n del h\u00e1bitat y el medio urbano como un espacio-objeto de extractivismo y fuente de desigualdades sociales, de g\u00e9nero y de salud.<\/li>\n\n\n\n<li>Una fuerte apuesta por la movilidad el\u00e9ctrica para responder a la emergencia clim\u00e1tica y la alta contaminaci\u00f3n del aire en las ciudades.<\/li>\n<\/ul>\n<\/div>\n\n\n\n<div style=\"height:6rem\" aria-hidden=\"true\" class=\"wp-block-spacer\"><\/div>\n<\/div>\n\n\n\n<div class=\"wp-block-group alignfull has-gray-darker-background-color has-background is-layout-flow wp-block-group-is-layout-flow\">\n<div style=\"height:3rem\" aria-hidden=\"true\" class=\"wp-block-spacer\"><\/div>\n\n\n\n<h2 class=\"wrap has-sixth-color has-text-color has-gigantic-font-size wp-block-heading\"><strong>alternativas<\/strong><\/h2>\n\n\n\n<div class=\"wp-block-columns are-vertically-aligned-center wrap is-layout-flex wp-container-core-columns-is-layout-28f84493 wp-block-columns-is-layout-flex\">\n<div class=\"wp-block-column is-vertically-aligned-center is-layout-flow wp-block-column-is-layout-flow\" style=\"flex-basis:50%\">\n<div class=\"wp-block-group is-layout-flow wp-block-group-is-layout-flow\">\n<h2 class=\"has-sixth-color has-text-color wp-block-heading\">Justicia clim\u00e1tica<\/h2>\n\n\n\n<p class=\"has-sixth-color has-text-color\">La crisis clim\u00e1tica afecta de forma diferenciada a varios colectivos en situaci\u00f3n de vulnerabilidad, afectando as\u00ed a diferentes ejes de desigualdad. Uno de los ejes m\u00e1s claros de desigualdad clim\u00e1tica es el hecho de que los pa\u00edses empobrecidos del Sur Global, a pesar de tener una \u00ednfima responsabilidad hist\u00f3rica en la causa de la crisis clim\u00e1tica, son los territorios que m\u00e1s sufren sus consecuencias.<\/p>\n\n\n\n<p class=\"has-fifth-color has-text-color has-link-color wp-elements-cf9c2d823ca5f5173b076cdad284ac9a\" style=\"font-weight:700;text-transform:uppercase\"><a href=\"https:\/\/cruillesdevida.entrepobles.org\/es\/contexto\/justicia-climatica\/\" data-type=\"page\" data-id=\"251\">Leer m\u00e1s &gt;<\/a><\/p>\n\n\n\n<div style=\"height:1.5rem\" aria-hidden=\"true\" class=\"wp-block-spacer\"><\/div>\n<\/div>\n<\/div>\n\n\n\n<div class=\"wp-block-column is-vertically-aligned-center is-layout-flow wp-block-column-is-layout-flow\" style=\"flex-basis:50%\">\n<figure class=\"wp-block-image size-large\"><img loading=\"lazy\" decoding=\"async\" width=\"1078\" height=\"1080\" src=\"https:\/\/cruillesdevida.entrepobles.org\/wp-content\/uploads\/2022\/07\/justicia-climatica-02-1078x1080.png\" alt=\"\" class=\"wp-image-679\" srcset=\"https:\/\/cruillesdevida.entrepobles.org\/wp-content\/uploads\/2022\/07\/justicia-climatica-02-1078x1080.png 1078w, https:\/\/cruillesdevida.entrepobles.org\/wp-content\/uploads\/2022\/07\/justicia-climatica-02-300x300.png 300w, https:\/\/cruillesdevida.entrepobles.org\/wp-content\/uploads\/2022\/07\/justicia-climatica-02-768x769.png 768w, https:\/\/cruillesdevida.entrepobles.org\/wp-content\/uploads\/2022\/07\/justicia-climatica-02-1533x1536.png 1533w, https:\/\/cruillesdevida.entrepobles.org\/wp-content\/uploads\/2022\/07\/justicia-climatica-02.png 1814w\" sizes=\"auto, (max-width: 1078px) 100vw, 1078px\" \/><\/figure>\n<\/div>\n<\/div>\n\n\n\n<div style=\"height:3rem\" aria-hidden=\"true\" class=\"wp-block-spacer\"><\/div>\n\n\n\n<div class=\"wp-block-columns are-vertically-aligned-center wrap is-layout-flex wp-container-core-columns-is-layout-c3f03267 wp-block-columns-is-layout-flex\">\n<div class=\"wp-block-column is-vertically-aligned-center is-layout-flow wp-block-column-is-layout-flow\" style=\"flex-basis:50%\">\n<div class=\"wp-block-group is-layout-flow wp-block-group-is-layout-flow\">\n<h2 class=\"has-sixth-color has-text-color wp-block-heading\">Feminismos<\/h2>\n\n\n\n<p class=\"has-sixth-color has-text-color\">Trabajamos en red con personas y colectivos del movimiento feminista visibilizando y fortaleciendo pr\u00e1cticas posibles en defensa de la vida de las personas y del planeta, tanto en nuestro pa\u00eds como en todo el mundo.<\/p>\n\n\n\n<p class=\"has-fifth-color has-text-color has-link-color wp-elements-7fa05fb368e8b33a524d8f50e80756f8\" style=\"font-weight:700;text-transform:uppercase\"><a href=\"https:\/\/cruillesdevida.entrepobles.org\/es\/contexto\/feminismos\/\" data-type=\"page\" data-id=\"249\">Leer m\u00e1s &gt;<\/a><\/p>\n\n\n\n<div style=\"height:1.5rem\" aria-hidden=\"true\" class=\"wp-block-spacer\"><\/div>\n<\/div>\n<\/div>\n\n\n\n<div class=\"wp-block-column is-vertically-aligned-center is-layout-flow wp-block-column-is-layout-flow\" style=\"padding-left:3vw;flex-basis:50%\">\n<figure class=\"wp-block-image size-large\"><img loading=\"lazy\" decoding=\"async\" width=\"1627\" height=\"1080\" src=\"https:\/\/cruillesdevida.entrepobles.org\/wp-content\/uploads\/2022\/07\/feminismes-02-1627x1080.png\" alt=\"\" class=\"wp-image-678\" srcset=\"https:\/\/cruillesdevida.entrepobles.org\/wp-content\/uploads\/2022\/07\/feminismes-02-1627x1080.png 1627w, https:\/\/cruillesdevida.entrepobles.org\/wp-content\/uploads\/2022\/07\/feminismes-02-768x510.png 768w, https:\/\/cruillesdevida.entrepobles.org\/wp-content\/uploads\/2022\/07\/feminismes-02-1536x1019.png 1536w, https:\/\/cruillesdevida.entrepobles.org\/wp-content\/uploads\/2022\/07\/feminismes-02-2048x1359.png 2048w\" sizes=\"auto, (max-width: 1627px) 100vw, 1627px\" \/><\/figure>\n<\/div>\n<\/div>\n\n\n\n<div style=\"height:3rem\" aria-hidden=\"true\" class=\"wp-block-spacer\"><\/div>\n\n\n\n<div class=\"wp-block-columns are-vertically-aligned-center wrap is-layout-flex wp-container-core-columns-is-layout-c3f03267 wp-block-columns-is-layout-flex\">\n<div class=\"wp-block-column is-vertically-aligned-center is-layout-flow wp-block-column-is-layout-flow\" style=\"flex-basis:50%\">\n<div class=\"wp-block-group is-layout-flow wp-block-group-is-layout-flow\">\n<h2 class=\"has-sixth-color has-text-color wp-block-heading\">Educaci\u00f3n<\/h2>\n\n\n\n<p class=\"has-sixth-color has-text-color\">Educaci\u00f3n emancipadora para la sostenibilidad de la vida.<\/p>\n\n\n\n<p class=\"has-sixth-color has-text-color\">La educaci\u00f3n es de las herramientas con m\u00e1s potencial para colaborar en esta transformaci\u00f3n cultural que debemos hacer como sociedad ante la necesidad urgente de dar respuesta mundial a los efectos del cambio clim\u00e1tico: medidas locales con impacto global en defensa de lo com\u00fan desde la reflexi\u00f3n-acci\u00f3n local y la movilizaci\u00f3n cr\u00edtica.<\/p>\n\n\n\n<p class=\"has-fifth-color has-text-color has-link-color wp-elements-e82e4d6a33e3978e5e7daf2bfa512b7b\" style=\"font-weight:700;text-transform:uppercase\"><a href=\"https:\/\/cruillesdevida.entrepobles.org\/es\/contexto\/educacion\/\" data-type=\"page\" data-id=\"253\">Leer m\u00e1s &gt;<\/a><\/p>\n\n\n\n<div style=\"height:1.5rem\" aria-hidden=\"true\" class=\"wp-block-spacer\"><\/div>\n<\/div>\n<\/div>\n\n\n\n<div class=\"wp-block-column is-vertically-aligned-center is-layout-flow wp-block-column-is-layout-flow\" style=\"flex-basis:50%\">\n<figure class=\"wp-block-image size-large\"><img loading=\"lazy\" decoding=\"async\" width=\"853\" height=\"1080\" src=\"https:\/\/cruillesdevida.entrepobles.org\/wp-content\/uploads\/2022\/07\/educacio-02-853x1080.png\" alt=\"\" class=\"wp-image-676\" srcset=\"https:\/\/cruillesdevida.entrepobles.org\/wp-content\/uploads\/2022\/07\/educacio-02-853x1080.png 853w, https:\/\/cruillesdevida.entrepobles.org\/wp-content\/uploads\/2022\/07\/educacio-02-768x972.png 768w, https:\/\/cruillesdevida.entrepobles.org\/wp-content\/uploads\/2022\/07\/educacio-02-1213x1536.png 1213w, https:\/\/cruillesdevida.entrepobles.org\/wp-content\/uploads\/2022\/07\/educacio-02.png 1575w\" sizes=\"auto, (max-width: 853px) 100vw, 853px\" \/><\/figure>\n<\/div>\n<\/div>\n\n\n\n<div style=\"height:3rem\" aria-hidden=\"true\" class=\"wp-block-spacer\"><\/div>\n<\/div>\n","protected":false},"excerpt":{"rendered":"<p>Globalizando alternativas ecofeministas ante lascrisis superpuestas para la defensa de los Derechos Humanos Desde Entrepueblos y el Observatorio Desc queremos visibilizar las consecuencias de las crisis superpuestas y la emergencia clim\u00e1tica: alternativas Justicia clim\u00e1tica La crisis clim\u00e1tica afecta de forma diferenciada a varios colectivos en situaci\u00f3n de vulnerabilidad, afectando as\u00ed a diferentes ejes de desigualdad. [&hellip;]<\/p>\n","protected":false},"author":3,"featured_media":0,"parent":0,"menu_order":0,"comment_status":"closed","ping_status":"closed","template":"","meta":{"_genesis_hide_title":true,"_genesis_hide_breadcrumbs":false,"_genesis_hide_singular_image":false,"_genesis_hide_footer_widgets":false,"_genesis_custom_body_class":"","_genesis_custom_post_class":"","_genesis_layout":"","footnotes":""},"class_list":{"0":"post-772","1":"page","2":"type-page","3":"status-publish","5":"entry","6":"has-post-thumbnail"},"acf":[],"_links":{"self":[{"href":"https:\/\/cruillesdevida.entrepobles.org\/es\/wp-json\/wp\/v2\/pages\/772","targetHints":{"allow":["GET"]}}],"collection":[{"href":"https:\/\/cruillesdevida.entrepobles.org\/es\/wp-json\/wp\/v2\/pages"}],"about":[{"href":"https:\/\/cruillesdevida.entrepobles.org\/es\/wp-json\/wp\/v2\/types\/page"}],"author":[{"embeddable":true,"href":"https:\/\/cruillesdevida.entrepobles.org\/es\/wp-json\/wp\/v2\/users\/3"}],"replies":[{"embeddable":true,"href":"https:\/\/cruillesdevida.entrepobles.org\/es\/wp-json\/wp\/v2\/comments?post=772"}],"version-history":[{"count":4,"href":"https:\/\/cruillesdevida.entrepobles.org\/es\/wp-json\/wp\/v2\/pages\/772\/revisions"}],"predecessor-version":[{"id":882,"href":"https:\/\/cruillesdevida.entrepobles.org\/es\/wp-json\/wp\/v2\/pages\/772\/revisions\/882"}],"wp:attachment":[{"href":"https:\/\/cruillesdevida.entrepobles.org\/es\/wp-json\/wp\/v2\/media?parent=772"}],"curies":[{"name":"wp","href":"https:\/\/api.w.org\/{rel}","templated":true}]}}

<div class="wp-block-group alignfull mg-custom-single-header has-gray-darker-background-color has-background is-layout-flow wp-block-group-is-layout-flow">
<div class="wp-block-group wrap is-layout-flow wp-block-group-is-layout-flow">
<h1 class="has-text-align-left has-sixth-color has-text-color has-gigantic-font-size wp-block-heading">Globalizando alternativas ecofeministas ante las<br><span class="has-primary-color font-family-calligraphic font-weight-bold">crisis</span> <span class="font-family-calligraphic">superpuestas</span> <span class="font-family-calligraphic font-weight-normal">para la defensa de los Derechos Humanos</span></h1>
</div>
</div>



<div class="wp-block-group alignfull has-gray-darker-background-color has-background is-layout-flow wp-block-group-is-layout-flow">
<div style="height:6rem" aria-hidden="true" class="wp-block-spacer"></div>



<div class="wp-block-group narrow is-layout-flow wp-block-group-is-layout-flow">
<p class="has-sixth-color has-text-color">Desde Entrepueblos y el Observatorio Desc queremos visibilizar las consecuencias de las crisis superpuestas y la emergencia climática:</p>



<ul class="has-sixth-color has-text-color wp-block-list">
<li>Una producción y abastecimiento alimentario que continúa fundamentado en monocultivos de exportación a miles de kilómetros.</li>



<li>Un boom de las economías de plataforma transnacionales (relacionadas con vulneraciones múltiples de derechos) para el consumo, transporte y distribución de mercancías a domicilio en un mercado global. Este mercado se amplifica mientras al mismo tiempo hace invisible el trabajo y las cadenas de suministro a sur y norte</li>



<li>La crisis de cuidados y la transformación del hábitat y el medio urbano como un espacio-objeto de extractivismo y fuente de desigualdades sociales, de género y de salud.</li>



<li>Una fuerte apuesta por la movilidad eléctrica para responder a la emergencia climática y la alta contaminación del aire en las ciudades.</li>
</ul>
</div>



<div style="height:6rem" aria-hidden="true" class="wp-block-spacer"></div>
</div>



<div class="wp-block-group alignfull has-gray-darker-background-color has-background is-layout-flow wp-block-group-is-layout-flow">
<div style="height:3rem" aria-hidden="true" class="wp-block-spacer"></div>



<h2 class="wrap has-sixth-color has-text-color has-gigantic-font-size wp-block-heading"><strong>alternativas</strong></h2>



<div class="wp-block-columns are-vertically-aligned-center wrap is-layout-flex wp-container-core-columns-is-layout-28f84493 wp-block-columns-is-layout-flex">
<div class="wp-block-column is-vertically-aligned-center is-layout-flow wp-block-column-is-layout-flow" style="flex-basis:50%">
<div class="wp-block-group is-layout-flow wp-block-group-is-layout-flow">
<h2 class="has-sixth-color has-text-color wp-block-heading">Justicia climática</h2>



<p class="has-sixth-color has-text-color">La crisis climática afecta de forma diferenciada a varios colectivos en situación de vulnerabilidad, afectando así a diferentes ejes de desigualdad. Uno de los ejes más claros de desigualdad climática es el hecho de que los países empobrecidos del Sur Global, a pesar de tener una ínfima responsabilidad histórica en la causa de la crisis climática, son los territorios que más sufren sus consecuencias.</p>



<p class="has-fifth-color has-text-color has-link-color wp-elements-cf9c2d823ca5f5173b076cdad284ac9a" style="font-weight:700;text-transform:uppercase"><a href="https://cruillesdevida.entrepobles.org/es/contexto/justicia-climatica/" data-type="page" data-id="251">Leer más &gt;</a></p>



<div style="height:1.5rem" aria-hidden="true" class="wp-block-spacer"></div>
</div>
</div>



<div class="wp-block-column is-vertically-aligned-center is-layout-flow wp-block-column-is-layout-flow" style="flex-basis:50%">
<figure class="wp-block-image size-large"><img loading="lazy" decoding="async" width="1078" height="1080" src="https://cruillesdevida.entrepobles.org/wp-content/uploads/2022/07/justicia-climatica-02-1078x1080.png" alt="" class="wp-image-679" srcset="https://cruillesdevida.entrepobles.org/wp-content/uploads/2022/07/justicia-climatica-02-1078x1080.png 1078w, https://cruillesdevida.entrepobles.org/wp-content/uploads/2022/07/justicia-climatica-02-300x300.png 300w, https://cruillesdevida.entrepobles.org/wp-content/uploads/2022/07/justicia-climatica-02-768x769.png 768w, https://cruillesdevida.entrepobles.org/wp-content/uploads/2022/07/justicia-climatica-02-1533x1536.png 1533w, https://cruillesdevida.entrepobles.org/wp-content/uploads/2022/07/justicia-climatica-02.png 1814w" sizes="auto, (max-width: 1078px) 100vw, 1078px" /></figure>
</div>
</div>



<div style="height:3rem" aria-hidden="true" class="wp-block-spacer"></div>



<div class="wp-block-columns are-vertically-aligned-center wrap is-layout-flex wp-container-core-columns-is-layout-c3f03267 wp-block-columns-is-layout-flex">
<div class="wp-block-column is-vertically-aligned-center is-layout-flow wp-block-column-is-layout-flow" style="flex-basis:50%">
<div class="wp-block-group is-layout-flow wp-block-group-is-layout-flow">
<h2 class="has-sixth-color has-text-color wp-block-heading">Feminismos</h2>



<p class="has-sixth-color has-text-color">Trabajamos en red con personas y colectivos del movimiento feminista visibilizando y fortaleciendo prácticas posibles en defensa de la vida de las personas y del planeta, tanto en nuestro país como en todo el mundo.</p>



<p class="has-fifth-color has-text-color has-link-color wp-elements-7fa05fb368e8b33a524d8f50e80756f8" style="font-weight:700;text-transform:uppercase"><a href="https://cruillesdevida.entrepobles.org/es/contexto/feminismos/" data-type="page" data-id="249">Leer más &gt;</a></p>



<div style="height:1.5rem" aria-hidden="true" class="wp-block-spacer"></div>
</div>
</div>



<div class="wp-block-column is-vertically-aligned-center is-layout-flow wp-block-column-is-layout-flow" style="padding-left:3vw;flex-basis:50%">
<figure class="wp-block-image size-large"><img loading="lazy" decoding="async" width="1627" height="1080" src="https://cruillesdevida.entrepobles.org/wp-content/uploads/2022/07/feminismes-02-1627x1080.png" alt="" class="wp-image-678" srcset="https://cruillesdevida.entrepobles.org/wp-content/uploads/2022/07/feminismes-02-1627x1080.png 1627w, https://cruillesdevida.entrepobles.org/wp-content/uploads/2022/07/feminismes-02-768x510.png 768w, https://cruillesdevida.entrepobles.org/wp-content/uploads/2022/07/feminismes-02-1536x1019.png 1536w, https://cruillesdevida.entrepobles.org/wp-content/uploads/2022/07/feminismes-02-2048x1359.png 2048w" sizes="auto, (max-width: 1627px) 100vw, 1627px" /></figure>
</div>
</div>



<div style="height:3rem" aria-hidden="true" class="wp-block-spacer"></div>



<div class="wp-block-columns are-vertically-aligned-center wrap is-layout-flex wp-container-core-columns-is-layout-c3f03267 wp-block-columns-is-layout-flex">
<div class="wp-block-column is-vertically-aligned-center is-layout-flow wp-block-column-is-layout-flow" style="flex-basis:50%">
<div class="wp-block-group is-layout-flow wp-block-group-is-layout-flow">
<h2 class="has-sixth-color has-text-color wp-block-heading">Educación</h2>



<p class="has-sixth-color has-text-color">Educación emancipadora para la sostenibilidad de la vida.</p>



<p class="has-sixth-color has-text-color">La educación es de las herramientas con más potencial para colaborar en esta transformación cultural que debemos hacer como sociedad ante la necesidad urgente de dar respuesta mundial a los efectos del cambio climático: medidas locales con impacto global en defensa de lo común desde la reflexión-acción local y la movilización crítica.</p>



<p class="has-fifth-color has-text-color has-link-color wp-elements-e82e4d6a33e3978e5e7daf2bfa512b7b" style="font-weight:700;text-transform:uppercase"><a href="https://cruillesdevida.entrepobles.org/es/contexto/educacion/" data-type="page" data-id="253">Leer más &gt;</a></p>



<div style="height:1.5rem" aria-hidden="true" class="wp-block-spacer"></div>
</div>
</div>



<div class="wp-block-column is-vertically-aligned-center is-layout-flow wp-block-column-is-layout-flow" style="flex-basis:50%">
<figure class="wp-block-image size-large"><img loading="lazy" decoding="async" width="853" height="1080" src="https://cruillesdevida.entrepobles.org/wp-content/uploads/2022/07/educacio-02-853x1080.png" alt="" class="wp-image-676" srcset="https://cruillesdevida.entrepobles.org/wp-content/uploads/2022/07/educacio-02-853x1080.png 853w, https://cruillesdevida.entrepobles.org/wp-content/uploads/2022/07/educacio-02-768x972.png 768w, https://cruillesdevida.entrepobles.org/wp-content/uploads/2022/07/educacio-02-1213x1536.png 1213w, https://cruillesdevida.entrepobles.org/wp-content/uploads/2022/07/educacio-02.png 1575w" sizes="auto, (max-width: 853px) 100vw, 853px" /></figure>
</div>
</div>



<div style="height:3rem" aria-hidden="true" class="wp-block-spacer"></div>
</div>

<p>Globalizando alternativas ecofeministas ante lascrisis superpuestas para la defensa de los Derechos Humanos Desde Entrepueblos y el Observatorio Desc queremos visibilizar las consecuencias de las crisis superpuestas y la emergencia climática: alternativas Justicia climática La crisis climática afecta de forma diferenciada a varios colectivos en situación de vulnerabilidad, afectando así a diferentes ejes de desigualdad. [&hellip;]</p>
