{"id":792,"date":"2022-06-21T18:51:03","date_gmt":"2022-06-21T16:51:03","guid":{"rendered":"https:\/\/cruillesdevida.entrepobles.org\/contexto\/feminismos\/"},"modified":"2023-03-20T18:18:41","modified_gmt":"2023-03-20T17:18:41","slug":"feminismos","status":"publish","type":"page","link":"https:\/\/cruillesdevida.entrepobles.org\/es\/contexto\/feminismos\/","title":{"rendered":"Feminismos"},"content":{"rendered":"\n<div class=\"wp-block-group alignfull has-secondary-background-color has-background is-layout-flow wp-block-group-is-layout-flow\">\n<div style=\"height:3rem\" aria-hidden=\"true\" class=\"wp-block-spacer\"><\/div>\n\n\n\n<div class=\"wp-block-columns are-vertically-aligned-center wrap is-layout-flex wp-container-core-columns-is-layout-28f84493 wp-block-columns-is-layout-flex\">\n<div class=\"wp-block-column is-vertically-aligned-center is-layout-flow wp-block-column-is-layout-flow\" style=\"padding-right:3vw\">\n<h1 class=\"has-gigantic-font-size wp-block-heading\">Feminismos<\/h1>\n\n\n\n<p><strong>Trabajamos en red con personas y colectivos del movimiento feminista visibilizando y fortaleciendo pr\u00e1cticas posibles en defensa de la vida de las personas y del planeta, tanto en nuestro pa\u00eds como en todo el mundo.<\/strong><\/p>\n\n\n\n<p>Promovemos procesos de empoderamiento colectivo, incidencia social y pol\u00edtica de organizaciones de mujeres y movimientos feministas &#8211; antirracistas, anticoloniales, anticapitalistas, antimilitaristas- generando di\u00e1logos e intercambios de saberes para el interaprendizaje, en torno a:<\/p>\n\n\n\n<ul class=\"wp-block-list\">\n<li>Vidas libres de violencias.<\/li>\n\n\n\n<li>Nuestros cuerpos, nuestras identidades.<\/li>\n\n\n\n<li>Sostenibilidad de la vida.<\/li>\n<\/ul>\n\n\n\n<p>Abordamos las causas de la precariedad de las vidas y las cadenas globales de los cuidados con un enfoque de justicia global y social hacia una transformaci\u00f3n de paradigma en este contexto clave de emergencia clim\u00e1tica agravada por el impacto de la crisis de la Covid-19.<\/p>\n\n\n\n<p>Denunciamos las diversas situaciones de vulneraciones de las defensoras de Derechos Humanos y Ambientales en los territorios, desde la acci\u00f3n local con compromiso global.<\/p>\n\n\n\n<p>Actuamos desde la intersecci\u00f3n entre los feminismos y el ecologismo social para continuar haciendo frente a la emergencia social, ambiental y clim\u00e1tica, la defensa del territorio, los bienes comunes y las necesidades colectivas. Las personas y la naturaleza en el centro para una transici\u00f3n ecosocial feminista.<\/p>\n<\/div>\n\n\n\n<div class=\"wp-block-column is-vertically-aligned-center is-layout-flow wp-block-column-is-layout-flow\">\n<figure class=\"wp-block-image size-full is-resized\"><img loading=\"lazy\" decoding=\"async\" src=\"https:\/\/cruillesdevida.entrepobles.org\/wp-content\/uploads\/2022\/06\/feminismes-00.png\" alt=\"\" class=\"wp-image-366\" width=\"450\" height=\"724\" srcset=\"https:\/\/cruillesdevida.entrepobles.org\/wp-content\/uploads\/2022\/06\/feminismes-00.png 1339w, https:\/\/cruillesdevida.entrepobles.org\/wp-content\/uploads\/2022\/06\/feminismes-00-670x1080.png 670w, https:\/\/cruillesdevida.entrepobles.org\/wp-content\/uploads\/2022\/06\/feminismes-00-768x1237.png 768w, https:\/\/cruillesdevida.entrepobles.org\/wp-content\/uploads\/2022\/06\/feminismes-00-954x1536.png 954w, https:\/\/cruillesdevida.entrepobles.org\/wp-content\/uploads\/2022\/06\/feminismes-00-1271x2048.png 1271w\" sizes=\"auto, (max-width: 450px) 100vw, 450px\" \/><\/figure>\n<\/div>\n<\/div>\n\n\n\n<div style=\"height:3rem\" aria-hidden=\"true\" class=\"wp-block-spacer\"><\/div>\n<\/div>\n\n\n\n<div class=\"wp-block-group alignfull has-sixth-background-color has-background is-layout-flow wp-block-group-is-layout-flow\">\n<div style=\"height:3rem\" aria-hidden=\"true\" class=\"wp-block-spacer\"><\/div>\n\n\n\n<div class=\"wp-block-group wrap is-layout-flow wp-block-group-is-layout-flow\">\n<h2 class=\"has-text-align-center mt-0 has-x-large-font-size wp-block-heading\"><strong>Consulta los recursos<\/strong> sobre feminismos<\/h2>\n\n\n\n<p class=\"has-text-align-center mb-0\"><a href=\"https:\/\/cruillesdevida.entrepobles.org\/es\/alternativa-es\/feminismos\/\" data-type=\"topic\" data-id=\"4\" class=\"main-button\">Accede<\/a><\/p>\n<\/div>\n\n\n\n<div style=\"height:3rem\" aria-hidden=\"true\" class=\"wp-block-spacer\"><\/div>\n<\/div>\n","protected":false},"excerpt":{"rendered":"<p>Feminismos Trabajamos en red con personas y colectivos del movimiento feminista visibilizando y fortaleciendo pr\u00e1cticas posibles en defensa de la vida de las personas y del planeta, tanto en nuestro pa\u00eds como en todo el mundo. Promovemos procesos de empoderamiento colectivo, incidencia social y pol\u00edtica de organizaciones de mujeres y movimientos feministas &#8211; antirracistas, anticoloniales, [&hellip;]<\/p>\n","protected":false},"author":3,"featured_media":0,"parent":760,"menu_order":1,"comment_status":"closed","ping_status":"closed","template":"","meta":{"_genesis_hide_title":true,"_genesis_hide_breadcrumbs":false,"_genesis_hide_singular_image":false,"_genesis_hide_footer_widgets":false,"_genesis_custom_body_class":"","_genesis_custom_post_class":"","_genesis_layout":"","footnotes":""},"class_list":{"0":"post-792","1":"page","2":"type-page","3":"status-publish","5":"entry"},"acf":[],"_links":{"self":[{"href":"https:\/\/cruillesdevida.entrepobles.org\/es\/wp-json\/wp\/v2\/pages\/792","targetHints":{"allow":["GET"]}}],"collection":[{"href":"https:\/\/cruillesdevida.entrepobles.org\/es\/wp-json\/wp\/v2\/pages"}],"about":[{"href":"https:\/\/cruillesdevida.entrepobles.org\/es\/wp-json\/wp\/v2\/types\/page"}],"author":[{"embeddable":true,"href":"https:\/\/cruillesdevida.entrepobles.org\/es\/wp-json\/wp\/v2\/users\/3"}],"replies":[{"embeddable":true,"href":"https:\/\/cruillesdevida.entrepobles.org\/es\/wp-json\/wp\/v2\/comments?post=792"}],"version-history":[{"count":2,"href":"https:\/\/cruillesdevida.entrepobles.org\/es\/wp-json\/wp\/v2\/pages\/792\/revisions"}],"predecessor-version":[{"id":889,"href":"https:\/\/cruillesdevida.entrepobles.org\/es\/wp-json\/wp\/v2\/pages\/792\/revisions\/889"}],"up":[{"embeddable":true,"href":"https:\/\/cruillesdevida.entrepobles.org\/es\/wp-json\/wp\/v2\/pages\/760"}],"wp:attachment":[{"href":"https:\/\/cruillesdevida.entrepobles.org\/es\/wp-json\/wp\/v2\/media?parent=792"}],"curies":[{"name":"wp","href":"https:\/\/api.w.org\/{rel}","templated":true}]}}

<div class="wp-block-group alignfull has-secondary-background-color has-background is-layout-flow wp-block-group-is-layout-flow">
<div style="height:3rem" aria-hidden="true" class="wp-block-spacer"></div>



<div class="wp-block-columns are-vertically-aligned-center wrap is-layout-flex wp-container-core-columns-is-layout-28f84493 wp-block-columns-is-layout-flex">
<div class="wp-block-column is-vertically-aligned-center is-layout-flow wp-block-column-is-layout-flow" style="padding-right:3vw">
<h1 class="has-gigantic-font-size wp-block-heading">Feminismos</h1>



<p><strong>Trabajamos en red con personas y colectivos del movimiento feminista visibilizando y fortaleciendo prácticas posibles en defensa de la vida de las personas y del planeta, tanto en nuestro país como en todo el mundo.</strong></p>



<p>Promovemos procesos de empoderamiento colectivo, incidencia social y política de organizaciones de mujeres y movimientos feministas &#8211; antirracistas, anticoloniales, anticapitalistas, antimilitaristas- generando diálogos e intercambios de saberes para el interaprendizaje, en torno a:</p>



<ul class="wp-block-list">
<li>Vidas libres de violencias.</li>



<li>Nuestros cuerpos, nuestras identidades.</li>



<li>Sostenibilidad de la vida.</li>
</ul>



<p>Abordamos las causas de la precariedad de las vidas y las cadenas globales de los cuidados con un enfoque de justicia global y social hacia una transformación de paradigma en este contexto clave de emergencia climática agravada por el impacto de la crisis de la Covid-19.</p>



<p>Denunciamos las diversas situaciones de vulneraciones de las defensoras de Derechos Humanos y Ambientales en los territorios, desde la acción local con compromiso global.</p>



<p>Actuamos desde la intersección entre los feminismos y el ecologismo social para continuar haciendo frente a la emergencia social, ambiental y climática, la defensa del territorio, los bienes comunes y las necesidades colectivas. Las personas y la naturaleza en el centro para una transición ecosocial feminista.</p>
</div>



<div class="wp-block-column is-vertically-aligned-center is-layout-flow wp-block-column-is-layout-flow">
<figure class="wp-block-image size-full is-resized"><img loading="lazy" decoding="async" src="https://cruillesdevida.entrepobles.org/wp-content/uploads/2022/06/feminismes-00.png" alt="" class="wp-image-366" width="450" height="724" srcset="https://cruillesdevida.entrepobles.org/wp-content/uploads/2022/06/feminismes-00.png 1339w, https://cruillesdevida.entrepobles.org/wp-content/uploads/2022/06/feminismes-00-670x1080.png 670w, https://cruillesdevida.entrepobles.org/wp-content/uploads/2022/06/feminismes-00-768x1237.png 768w, https://cruillesdevida.entrepobles.org/wp-content/uploads/2022/06/feminismes-00-954x1536.png 954w, https://cruillesdevida.entrepobles.org/wp-content/uploads/2022/06/feminismes-00-1271x2048.png 1271w" sizes="auto, (max-width: 450px) 100vw, 450px" /></figure>
</div>
</div>



<div style="height:3rem" aria-hidden="true" class="wp-block-spacer"></div>
</div>



<div class="wp-block-group alignfull has-sixth-background-color has-background is-layout-flow wp-block-group-is-layout-flow">
<div style="height:3rem" aria-hidden="true" class="wp-block-spacer"></div>



<div class="wp-block-group wrap is-layout-flow wp-block-group-is-layout-flow">
<h2 class="has-text-align-center mt-0 has-x-large-font-size wp-block-heading"><strong>Consulta los recursos</strong> sobre feminismos</h2>



<p class="has-text-align-center mb-0"><a href="https://cruillesdevida.entrepobles.org/es/alternativa-es/feminismos/" data-type="topic" data-id="4" class="main-button">Accede</a></p>
</div>



<div style="height:3rem" aria-hidden="true" class="wp-block-spacer"></div>
</div>

<p>Feminismos Trabajamos en red con personas y colectivos del movimiento feminista visibilizando y fortaleciendo prácticas posibles en defensa de la vida de las personas y del planeta, tanto en nuestro país como en todo el mundo. Promovemos procesos de empoderamiento colectivo, incidencia social y política de organizaciones de mujeres y movimientos feministas &#8211; antirracistas, anticoloniales, [&hellip;]</p>
